- 9.
-26
What is (5 - 16) + -45 + 57?
1
What is -69 + 67 + (1 + -11 - -2 - 1)?
-11
Evaluate (5 - (8 + 2)) + 7 + -4 + -8.
-10
Calculate -1 - -7 - ((22 - 14) + -9) - -6.
13
Calculate (1 - (14 + -8)) + 15.
10
(0 - -1) + -13 + 7 + -4
-9
464 - 521 - (-30 - 1)
-26
Calculate (-5 + 0 - 10 - -12) + 21.
18
-7 + -10 + 6 - 13
-24
Evaluate 1 - -2 - -1 - (8 - (36 - 31)).
1
Calculate (20 + -8 - 8 - 12) + 4.
-4
What is the value of 52 + -21 + 7 + -1 - 13?
24
Evaluate 9 - (6 - 11) - 7 - 9.
-2
-285 - -283 - (0 + -30)
28
Evaluate (-4 - -14) + (-38 - (-15 - (5 + -10))).
-18
Calculate -17 + (-9 - ((3 - -3) + -11)).
-21
Calculate 16 + -1 - (36 + (2 - 23)).
0
-1 - -2 - -2 - (19 + -8)
-8
-7 + 6 + (39 - 25)
13
Evaluate (-5 - 15) + (0 - -6).
-14
What is 18 + 8 + 1 + -20?
7
Evaluate -13 + 0 + 0 + -4 + 7 + 0.
-10
What is the value of 8 + 2 + (-9 - -3) + (5 - 0)?
9
Evaluate 31 + -39 + (2 - -1 - -1).
-4
-1 + (-3 - (-13 - (-3 + 7 + -2)))
11
What is (19 - 65) + (-2 - -45)?
-3
-1 - (3 + 1 - (3 + 0)) - 2
-4
What is 0 + (16 - 12) - (0 + -2)?
6
-10 - (7 - (2 + 7)) - -2
-6
Evaluate -5 + 19 + -8 + 0 + 5.
11
What is the value of -3 - (9 - (15 - 0))?
3
What is (5 - (-2 + 5) - (-3 - -1)) + -6?
-2
What is -8 + 6 + (8 - 15)?
-9
Evaluate (23 - (21 - 0)) + 0 + -22 + -2.
-22
Calculate -8 - ((-13 - 0) + -72 + 95).
-18
What is the value of (-16 - -6) + 20 - (-6 + 2 + 18)?
-4
What is the value of 1 + -23 + 5 + 2 + 13 + -10?
-12
Evaluate 18 + -17 + 13 + -6.
8
What is the value of 17 + (6 - (18 - 7))?
12
What is the value of -39 + (-15 - -34) + -7 + 13?
-14
What is -18 + (-6 - (1 + -33))?
8
What is the value of -2 + (1 - 3) + 10 + -16?
-10
What is the value of -47 - (29 + -45 - 13)?
-18
Calculate 0 + -22 + 22 + 41.
41
What is the value of -14 - (7 + 2 - 16)?
-7
What is -8 + (-3 - -10 - -8) - 5 - 15?
-13
What is 42 + -51 + (6 - -2) - (-17 + 3)?
13
What is (35 + -35 - (-17 - (2 - 5))) + -4?
10
Evaluate 2 + 1 - (2 - (-42 - -59)).
18
What is the value of (-1 - -16) + 21 + -28 + (0 - -15)?
23
-5 - (-23 + 10 + 19)
-11
What is (-5 + 4 - 1 - -13) + -2?
9
What is 55 + -38 + (-16 - 0)?
1
(-22 - -24) + (7 - 8) - (7 + -1)
-5
Evaluate -9 - -9 - (21 + 1 + (8 - 14)).
-16
Calculate -1 - -1 - (0 + 10 + -4).
-6
Evaluate 12 - ((1 - 3 - 4) + 2 + 9).
7
What is (2 + -1 - 1) + 3 + -6?
-3
Evaluate -12 - (14 + -24 + 6).
-8
-13 + (-32 - -30) - -6
-9
What is 6 + -3 + -3 - 1 - (0 + 5)?
-6
Calculate 11 + (-27 - (-21 - 23)).
28
8 - (25 + -5 + -13)
1
Evaluate -35 + 42 - (-9 - -3 - -20).
-7
3 - 2 - 8 - (10 - (77 + -34))
26
-3 - -11 - 13 - (7 + 0)
-12
Calculate 4 - -1 - (18 + 10 + -14).
-9
0 - -2 - (-4 + 10) - (9 + 0)
-13
What is (8 - (-4 - -15)) + 15 + -6 + -24?
-18
Calculate (-54 - -44 - -18) + (-37 - -2).
-27
What is -3 + 1 - (-4 - (15 + -25) - 21)?
13
Evaluate (-61 - -52 - 2) + 11 + -2.
-2
Evaluate 161 + -176 + (-1 - -24).
8
38 - (67 + -33) - (-1 - 1)
6
What is the value of -4 - (14 + -9 + -17) - 7?
1
-7 + (-3 - (-5 + 5)) + 20 + -4
6
What is the value of -9 + (-12 - (-5 - 2) - -23)?
9
Evaluate (164 - 148) + -2 + -6.
8
Evaluate -12 + -1 + -2 + -7 + 12 - 3.
-13
What is the value of (5 + -10 - 3) + 0 + -1?
-9
-43 + 38 - 31 - -33
-3
Calculate -22 + 20 + (2 - 3).
-3
What is 1 + 16 - (13 + 5 + (-30 - -23))?
6
What is 14 + 4 + -33 + -2 + 45?
28
Evaluate 7 + (17 - 18) + -5 - 9.
-8
Evaluate -12 + -5 - 1 - -12.
-6
Calculate (22 - (4 - -12)) + -7.
-1
Evaluate (20 + -11 - (7 - -7)) + -21 + -3.
-29
25 + 0 - (5 - -3)
17
What is -168 - -160 - (2 + 2 + -2)?
-10
What is 20 + 10 + (-35 - -12)?
7
What is 0 + -1 + 3 + (55 - 40)?
17
Evaluate -3 - 4 - (-51 + 34).
10
Calculate -42 + 14 - -29 - -4.
5
Evaluate 9 - (-5 + (-7 - -29 - -4)).
-12
What is 18 + (2 - 6) - 3 - (7 - 0)?
4
Evaluate 3 - -5 - 6 - 7 - 2 - -25.
18
Evaluate -6 + (17 - 11) + 13.
13
-1 + -1 + 3 - (23 + -66 + 44)
0
Evaluate -3 + (-5 - -17) + -16.
-7
What is 9 - (0 - (-27 - -10))?
-8
-25 - (-54 + 41 + -9)
-3
2 + 6 + -41 + 50 + (3 - -7)
27
Evaluate -15 + (-8 + 15 - 0).
-8
Evaluate -12 + 0 + (6 - 1) - (10 - 18).
1
What is the value of -23 + -24 + 25 + (-2 - -6) + 4?
-14
What is the value of (-24 - -2) + -2 + 15?
-9
5 + ((3 - -3) + 1 + -3 - 24)
-15
Calculate -13 - (-4 - (-2 - -2) - (101 - 102)).
-10
Evaluate (-1 - -6) + 3 + -2 + (3 - 2).
7
What is 19 + 7 + -16 - (-4 - -11)?
3
Calculate -1 - -1 - ((-5 - -2) + -12).
15
Calculate (-1 - -7) + -2 + 23 + -21 - 1.
5
Evaluate (-1 - 9) + (-5 - -16) + 11.
12
Evaluate -2 + -19 - (-37 - -82 - 51).
-15
Calculate -16 - 1 - (-2 - 7).
-8
1 - (7 + -9 + -3) - (21 + 3)
-18
Evaluate -23 + (-18 - -10) + 18 + -1 + -5.
-19
What is the value of (5 - 7) + 13 + 1 + -4 + -16?
-8
(1 + -6 - (-8 + -1 - -10)) + 12
6
Evaluate -10 - (-6 - (-7 - -7)).
-4
6 + -21 + 16 - (4 - -4)
-7
Calculate 5 - (-4 - -11 - 11).
9
Calculate (-47 - -49) + -1 + 1.
2
What is the value of (64 - (17 + 34)) + -9 + 0?
4
What is -5 + (61 - 78) + (5 - (1 + -3))?
-15
34 + (-34 - -58) + -56
2
Calculate -19 + -10 + 24 + -15.
-20
Evaluate -2 + (4 - (-1 - (-7 - -1))).
-3
Evaluate 10 + -4 + 0 + -12 - (-10 - 0).
4
What is 14 + -31 + (19 - -14)?
16
What is 0 + -15 - (-35 - (-6 - -9))?
23
Calculate -1 + -8 + 1 - (67 + -54 + -25).
4
What is -9 - (-14 + 12) - (-3 - -1)?
-5
-4 - (16 + -36 - -34)
-18
(-8 - -13) + (-4 - (-11 + -1))
13
Evaluate 11 - (2 + 13) - (-16 + 9).
3
Evaluate 13 - ((15 - 11) + -6 - 9).
24
-49 - ((1 - 35) + 19) - (-10 + 1)
-25
What is 65 + -70 - (3 + (-3 - -3))?
-8
Evaluate -24 + 21 + -10 - (-1 - 15).
3
What is 1 - (10 - 19) - 24 - 3?
-17
Evaluate (-18 + 20 - 4) + (-2 - (-9 + 2)).
3
What is (1 + 0 - -4) + -5 - 7 - 6?
-13
What is the value of (-13 - (11 - (-2 - -20))) + (4 - 1)?
-3
Evaluate 3 - 10 - (-1 + (-1 - 1) - -4).
-8
Evaluate -15 - (17 - (6 - 3) - 14).
-15
What is the value of 4 - -3 - (-3 + 9) - (-7 + 1)?
7
What is the value of (34 - 8) + -10 + 23 + -11 + -7?
21
Calculate 10 + 8 + -22 - 2.
-6
Calculate 154 + -152 + -4 + 0.
-2
Evaluate 2 + -42 + -4 + (28 - 13) + 2.
-27
Evaluate 2 - 21 - -35 - -19.
35
What is 4 + -14 + (18 - 13)?
-5
What is the value of -5 + -16 + (0 - -15)?
-6
(-1 - -21) + -82 + 63
1
Calculate -19 - -25 - (-3 + -1) - (-1 + 30).
-19
What is the value of 9 + 5 - 3 - 10?
1
What is the value of -13 - (-4 - -9) - 0 - 4?
-22
Calculate 6 + -1 - (10 - (-1 + 7) - -2).
-1
What is 10 - 5 - (-8 - (-4 + 1))?
10
What is (2 + 18 + 10 + -13 - 9) + 14?
22
What is 0 - 6 - ((-10 - (-2 + -10)) + 4)?
-12
7 + -2 + 0 + 7 + (-4 - 2)
6
Evaluate 12 + -76 + 38 + 8.
-18
Calculate -5 - ((7 - (6 - 6)) + -2 + -38).
28
What is 2 + 23 + 6 + -5?
26
What is the value of -4 - -8 - -1 - (0 - 5)?
10
What is the value of 2 - (11 + (1 - -2) + -10)?
-2
Calculate -15 + -9 - (5 + -20).
-9
What is -1 - ((6 - 18) + 9 + -7 - -16)?
-7
-17 + (16 - 8) + 6
-3
-14 - -31 - -19 - 55
-19
-59 + 55 - (1 + -1 - -13 - 3)
-14
Evaluate -14 + (-15 - 32) - -43.
-18
Evaluate 107 - 135 - (-4 + -1).
-23
What is the value of (-17 - -2) + 5 + (1 - -1)?
-8
What is -11 - ((-3 - 15) + 12)?
-5
Calculate 32 - 12 - (8 - -1).
11
What is the value of (43 - 35) + 10 - -12?
30
Evaluate (-8 - -1 - (-16 - -12 - 3)) + -3.
-3
(-5 + 3 - 2) + 146 + -138
4
(5 - (4 + 9)) + (-132 - -117)
-23
Calculate 3 + (-6 - (-10 - -8)) + (-2 - -16).
13
What is -16 + (-11 - -18) - (0 + -13)?
4
Calculate 81 + -66 - (-6 + 12).
9
What is the value of -15 + 5 + 21 - (4 + 6)?
1
191 + -204 + 0 + 31
18
What is 5 + -17 - (14 + -6 - (16 - 1))?
-5
What is 17 - 16 - (3 + 6 + -3 + 0)?
-5
-24 + 7 + -1 + -1 + -2
-21
Evaluate (5 + 7 - 6) + -7.
-1
27 - (1 + 31) - (1 + 2 + 0)
-8
What is the value of -5 + (-6 + 10 + -3 - -1)?
-3
Calculate -1 - 9 - (6 + -2 - 3).
-11
What is the value of 32 + -26 + 6 + (1 - -6)?
19
What is 1 + 7 + (-18 - -41) + -25?
6
Evaluate -43 + 41 - (-11 + -4 + 0).
13
What is (-1 - 8 - (-11 - (-44 + 35))) + 7?
0
Evaluate 17 + -38 + 6 + 24.
9
-1 + 0 + (9 - 25)
-17
-28 + 20 + 3 + (8 - 16) + -17
-30
What is 4 - (19 - 17) - (1 + -3 + -5)?
9
-2 + -23 + 33 + 1 + 6
15
What is 40 - (63 + -20) - 7?
-10
What is the value of -1 + -3 + -5 + 2 + 17?
10
Evaluate 4 - 3 - (-1 + 2) - (26 - 9).
-17
What is (3 - 19 - -7) + -6 + 7?
-8
What is -2 + (9 + -7 - -13 - 6)?
7
-1 + -22 - (-2 - (8 + -26 + 9))
-30
Calculate -1 + (-3 + -3 - 2) - 0.
-9
Calculate 0 - -2 - (11 - (-31 - -37)).
-3
What is 0 + -15 + -9 + (5 - -1 - -7)?
-11
Calculate -14 + (31 - -11) + 2 + -9.
21
(-8 - 0) + (66